and q.
21
Suppose 4380 = 33*g - 28*g. What is the greatest common factor of 73 and g?
73
Let a be -318*(-18)/27 - 2. What is the greatest common factor of 75 and a?
15
Suppose v = -5*d + 2031, 40*v = d + 37*v - 403. Calculate the highest common factor of d and 232.
58
Suppose 3*u = 2*t + 5 - 13, -4*t + 16 = 4*u. Calculate the greatest common divisor of 19 and t.
1
Suppose 48*a = 2592 - 2448. Let y be ((-2)/(-1))/(2/51). What is the greatest common factor of y and a?
3
Let h(k) = -6*k**3 - k**2 + 2. Let d be h(-1). Let s = d - -5. What is the greatest common factor of s and 48?
12
Let r = 1067 + -1055. What is the highest common divisor of r and 87?
3
Let d = 219 - 167. What is the highest common divisor of d and 338?
26
Let a(i) = i**2 - 22*i + 8. Let w be a(22). Let s = 12 - w. What is the greatest common factor of s and 32?
4
Let j(a) = 2*a**2 - 31*a - 51. Let x be j(-4). What is the greatest common divisor of x and 42?
21
Let z(s) = -s**3 + 58*s**2 + 8*s - 13. Let t be z(58). Calculate the highest common divisor of 22 and t.
11
Let u be ((-4)/(-6))/((-12)/(-234)). Suppose -8*s + u*s = 95. Calculate the greatest common factor of 152 and s.
19
Suppose 1530 = 5*q + 2*z, -3*q = z - 191 - 728. What is the greatest common divisor of 84 and q?
28
Suppose 0 = -4*v + 3*b + 140, 3*b + 110 = 3*v + 2*b. Suppose -v + 158 = 4*i. Calculate the greatest common factor of 6 and i.
6
Let v(o) = -4*o - 27. Let b be v(-8). Suppose 2*f - n = 5, -f + b*n - 2 + 9 = 0. What is the greatest common factor of f and 2?
2
Suppose 0 = -k + 3*k + r - 253, -r = 4*k - 505. Let a = -152 - -166. What is the highest common divisor of a and k?
14
Let u(k) = 58*k**3 + k**2 + 2*k + 3. Let t be u(2). Calculate the highest common divisor of t and 19.
19
Let t(h) = h**3 + 12*h**2 - 8*h - 44. Let c be t(-6). Calculate the highest common divisor of 44 and c.
44
Suppose 3*o + 0*o = -12. Let u be (-4 - o)/((-6)/2). Suppose 0 = -u*l + 2*l - 12. What is the highest common divisor of 6 and l?
6
Let f(p) = 49*p**2 + p + 1. Let l be f(-1). Suppose -l - 6 = -5*s. Let z be 3/((-6)/22)*-1. What is the highest common divisor of z and s?
11
Suppose 73*c - 123 = 23. What is the greatest common factor of c and 116?
2
Let r(k) = 11*k**2 + 56*k + 410. Let n be r(-10). What is the greatest common factor of 38 and n?
38
Let d(j) = -4*j - 3. Let y be d(-6). Suppose 2 = c - 0. Suppose -r - c*n - 56 = -150, 0 = -2*r - 2*n + 178. Calculate the highest common factor of r and y.
21
Suppose 4*h - 135 = -b, -h + 50 = 62*b - 65*b. Calculate the greatest common factor of 280 and h.
35
Let y be 2 + 94 + (9 + -9)/(-6). Calculate the highest common factor of 36 and y.
12
Let k(a) = a**3 - 3*a**2 - 7*a + 3. Let q = -14 - -19. Let d be k(q). What is the highest common divisor of d and 72?
18
Suppose 2*z = -3*l + 372 + 401, -5*l - 781 = -2*z. Calculate the greatest common divisor of 4 and z.
4
Let v = -43 + 47. Suppose -5*f + d + 493 = -206, -v*f + 555 = -5*d. Calculate the greatest common factor of f and 28.
28
Let c = 10 + 10. Suppose -12*j + 1242 = 42. What is the highest common divisor of j and c?
20
Let s(b) = -b**3 - b**2 + 4*b - 24. Let v be s(-4). Calculate the greatest common divisor of 152 and v.
8
Suppose -3*m + z = 14 - 1206, 4*m + 5*z = 1621. Calculate the highest common divisor of 42 and m.
21
Let z = 36 + -22. Suppose -q + 2*q - z = 0. Let k(f) = -70*f. Let c be k(-1). Calculate the greatest common divisor of q and c.
14
Suppose 5*u + 178 = 4*l, -4*u - 46 = -l - 2*u. Let g = l - 37. Suppose -g*q + 240 = -0*q. Calculate the highest common divisor of 24 and q.
24
Let v = 21 + -1. Suppose r - v = 2. Calculate the greatest common factor of r and 77.
11
Let z be (14/(-8))/((-2)/8). Suppose 3*u = 6, -5*b = -u - 22 - 151. Calculate the highest common factor of z and b.
7
Let w(u) = u**3 - 4*u**2 - 8*u + 5. Let j be w(5). Let q = j - -32. Calculate the greatest common factor of 2 and q.
2
Let o(l) = 3*l + 1. Let r be o(1). Let g be 18*((-15)/9 + 2). Calculate the greatest common divisor of g and r.
2
Suppose 9*f - 92 - 25 = 0. Suppose 0 = -4*z + 2*z - 2, -2*g = 4*z - 230. What is the greatest common divisor of f and g?
13
Let f = -299 + 323. Let o = -2 + 8. Calculate the highest common factor of f and o.
6
Let h(r) = r**3 + 1. Let j be h(1). Suppose j*n - 14 - 10 = 0. Calculate the highest common factor of 6 and n.
6
Let y(d) = -d**3 - 25*d**2 + 146*d + 38. Let a be y(-30). Calculate the highest common divisor of a and 2.
2
Let i(n) = -10*n. Let j be i(1). Let z be j/25 - (484/(-5))/2. What is the highest common factor of z and 8?
8
Let w(l) = l**3 - 8*l**2 - 7*l - 12. Let o be w(9). Suppose -2*h + 37 = -5*r, 3*h + 3*r = o*h - 33. Calculate the greatest common factor of 1 and h.
1
Suppose -2*f - 4*w + 1 = -79, -5*f - 5*w + 210 = 0. Let y = f + -28. Suppose 20 = 2*z - 2*u, -4*u = 5*z - u - 34. What is the greatest common factor of y and z?
8
Let v(r) = 24*r**2 + 7*r. Let p be v(9). Let u be 12/8 - p/(-6). Suppose 576 = 5*k - 3*o, 6*o = 3*k + o - u. Calculate the highest common divisor of k and 13.
13
Suppose -5*n = 2*f + 2*f - 64, -4*n + 89 = 5*f. Suppose -37 = h + f. Let q = -13 - h. What is the greatest common factor of 18 and q?
9
Let p be (-3)/(-8) + 24650/272. Let x be ((-9)/6)/(9/(-156)). What is the greatest common divisor of x and p?
13
Let x(v) = -v**2 + 7*v + 8. Let a be x(7). Let q be (-6 - (-44)/a) + (-14)/(-4). Suppose 4 + 5 = z. Calculate the greatest common divisor of z and q.
3
Let f be (-4)/8*8 - -9. Suppose 3*n + f*g = 881, g + 887 = 3*n + 3*g. What is the greatest common divisor of 33 and n?
33
Let l be 36*(-4)/(-5 - -1). Let i be (-2696)/(-30) + (-6)/(-45). Calculate the highest common divisor of i and l.
18
Suppose -16*m = -11*m - 15. Suppose -h + 245 = 3*i, 731 = m*h - i + 6*i. Calculate the greatest common factor of h and 22.
22
Let n(o) = -2*o**3 - 4. Let b be n(-3). Let a = b - 26. Calculate the highest common divisor of a and 8.
8
Let d(h) = h**3 - 32*h**2 + 31*h + 38. Let k be d(31). What is the greatest common factor of k and 2?
2
Let t be (-7 + 6 - -65) + -1. What is the greatest common factor of t and 45?
9
Let a = -8 + 19. Let z(v) = v**3 - 38*v**2 + 316*v + 17. Let b be z(26). What is the greatest common divisor of a and b?
11
Suppose 2*r = 4*r - 60. Let d = 44 - r. Let h be 3/2*(-504)/(-54). What is the highest common divisor of h and d?
14
Let a = 926 + -896. Calculate the greatest common factor of a and 330.
30
Suppose -3*z = -3*s - 33, -s + 3*z + 4 = 23. Let b = s + 25. Let o(m) = -m**3 + 6*m**2 + 9*m + 4. Let l be o(7). Calculate the highest common factor of b and l.
18
Suppose 3*n - 53 - 28 = 0. Suppose -24*y = 5*y - 1044. What is the highest common factor of y and n?
9
Suppose -r - r + 4*h + 46 = 0, -3*h = -12. Let k be -4 + (-7)/(28/(-264)). Calculate the highest common divisor of k and r.
31
Suppose u - 4 = 1. Suppose 41 + 24 = u*f. Suppose 206 = 4*x - 158. What is the highest common factor of x and f?
13
Let i be (450/(-100))/(1/(-174)). What is the highest common factor of i and 27?
27
Let n = -148 + 492. Suppose 2*v + v + 4*x - n = 0, -2*x = 2*v - 232. Let f = 3 - -12. What is the highest common factor of f and v?
15
Suppose 17*m = -2*y + 16*m + 808, -3*m = -y + 411. Calculate the greatest common factor of y and 54.
27
Let d be -1*(-374 + 1) + (-2)/1. Let u = d - 227. What is the highest common factor of u and 16?
16
Suppose 1169 = 5*c - 12*c. Let k = c + 173. Calculate the highest common divisor of 18 and k.
6
Suppose f - 41 = 1. Let j be (-2)/3 + f/(-18). Let h be ((-18)/(j/(-3)))/(-2). What is the greatest common factor of 63 and h?
9
Suppose 5*f = -102 - 18. Let p be f/14*(-28)/8. Let d be (20/p)/((-1)/(-30)). Calculate the highest common divisor of d and 40.
20
Let o be 1*(-3 + -1 - 10). Let v = o - -47. What is the greatest common divisor of v and 22?
11
Let n = -15795 + 15865. Suppose -73 = -5*g + 27. Calculate the greatest common divisor of g and n.
10
Suppose -2*o = 2*j + o + 11, 15 = -5*j - 5*o. Let w be -2*-19*4/8. Let h be (0/4 - -3) + w. Calculate the highest common factor of h and j.
2
Let c = 285 - 217. What is the greatest common factor of 544 and c?
68
Suppose 0 = 9*r - 14*r + 315. What is the greatest common divisor of r and 42?
21
Let n be 6*3/9